ime factors of p?
2
Let v = 355 + -142. Suppose r = 3*r - 10, t + 2*r = v. What are the prime factors of t?
7, 29
Let v = -2 + 3. Let r = v + 4. Suppose 3*w = k - 21, -r*k + 11 = -2*k + 4*w. List the prime factors of k.
3
Suppose -4*b = -0*b + p - 15, b + 5*p = -1. Suppose b*v + 9 = -7. List the prime factors of (-10)/v*498/15.
83
Let i be (((-1952)/(-6))/8)/((-2)/(-6)). Suppose 4*c - 2*p + 3*p = 474, i = c + 2*p. List the prime factors of c.
2, 59
Let i(z) = -z**2 + z. Let k be i(3). Let g(l) = -l**2 - 6*l + 5. List the prime factors of g(k).
5
What are the prime factors of (-1227)/2*22/(-33)?
409
Suppose -5*m + 15 = -2*c, -5*m = -4*c - 10*m + 15. Suppose 5*a - 8*a + 144 = c. What are the prime factors of a?
2, 3
Suppose -3*h + 3*w + 13413 = 0, -4*w = h - 4*h + 13412. List the prime factors of h.
2, 13, 43
List the prime factors of 7/42 + -1 + (-31124)/(-24).
2, 3
Let z(u) = -3*u + 5. Let h = -12 - -16. Let l be z(h). List the prime factors of -12*l/(21/16).
2
Let v(f) = -f**3 - 2*f**2 - 2*f + 2. Let i = 6 - -2. Let d be (-22)/i + (-15)/(-20). List the prime factors of v(d).
2, 3
Suppose 5*j = 3*j - 10. Let a(g) = -18*g - 2. What are the prime factors of a(j)?
2, 11
Let y = 17 + -11. Suppose 15 = -k + y*k. Suppose -4*t = 5*b - 75, 3*t + 5*b - 57 - k = 0. What are the prime factors of t?
3, 5
What are the prime factors of (-3717)/(-49) - (-6)/(-7)?
3, 5
Let p = -160 - -163. Suppose 3*k = 2*r + 177, -4*k - p*r - 66 = -285. List the prime factors of k.
3, 19
Suppose 2*z - 228 = 270. Suppose -3*q + 5*v = q - z, -153 = -3*q - 3*v. What are the prime factors of q?
2, 7
Let y(k) = -8*k - 6. Let q be (18/2)/(-4 - -3). List the prime factors of y(q).
2, 3, 11
Suppose -7 = 8*l + 41. List the prime factors of (-111)/l*2*15/5.
3, 37
Let i = -5 - -12. Suppose 0 = i*r - 8*r - 26. Let v = 40 + r. What are the prime factors of v?
2, 7
Suppose -5*f = -61 + 16. Suppose v + 5 - f = 0. Suppose -2*s + 5*c + 24 = 0, v*s - 4*c = -2*c + 48. List the prime factors of s.
2, 3
Let q(r) = 10*r**2 + 4*r + 8. Let m be 0 + 1 + (0 - 7) + 2. What are the prime factors of q(m)?
2, 19
Suppose 26889 + 2988 = 23*w. List the prime factors of w.
3, 433
Let a(k) = -127*k + 9. What are the prime factors of a(-2)?
263
Suppose 0 = -0*x + x - 4*d + 3, 4*d - 8 = 0. Let y(g) = -2*g**2 + 10*g - 5. Let u be y(x). List the prime factors of 7*(20/(-14))/u.
2
Suppose -140083 = -44*d + 88189. List the prime factors of d.
2, 1297
Let l(x) = 78*x + 16. Let z be l(4). Suppose 4*y = -3*j + z, j + 2*y = 4*j - 358. What are the prime factors of j?
2, 29
Let o(m) = -1. Let n(b) = -b + 8. Let r(t) = n(t) + 2*o(t). Let k be r(2). Suppose 2*d - k*u = u + 26, 3*u + 12 = 0. What are the prime factors of d?
3
Let g(r) be the second derivative of r**5/10 - 5*r**4/6 - r**3/3 - r**2/2 + 2*r - 4. What are the prime factors of g(7)?
181
Let y = 30 + -45. Let w be 3/5 + (-6)/y. Suppose -2*o + 45 = -w. List the prime factors of o.
23
Let w = 18 + -10. Suppose -3*r - 20 = -w*r. Suppose -4*m + 124 + 48 = -r*c, 0 = m - 4*c - 40. What are the prime factors of m?
2, 11
Let o(n) = -4*n - 6. Let a be o(-2). Suppose 0*q = -a*q + 142. List the prime factors of q.
71
Let r be 2/8 + (-22)/(-8). Suppose 5*y + f + 0*f + 44 = 0, 4*y = -r*f - 44. Let o = 6 - y. What are the prime factors of o?
2, 7
Suppose 314*s + 18739 = 321*s. What are the prime factors of s?
2677
Let p = 1777 - -509. What are the prime factors of p?
2, 3, 127
Let y(i) = -i**2 + 14*i + 3. Let h be y(12). Let n(p) = -3*p**2 + 3*p - h + 8*p**2 - p**3 + 26. What are the prime factors of n(5)?
2, 7
Let p be (-4)/(-30) - 154/30. Let v be (p/2)/((-2)/4). Let w = 4 + v. What are the prime factors of w?
3
Let s(x) = x + 17. Let a be s(-13). Suppose 4*c - a - 4 = 0. Suppose -5*i + 5*j + 86 = -9, 26 = c*i + j. List the prime factors of i.
3, 5
Let s = -9 - -12. Suppose s = -7*m + 227. What are the prime factors of m?
2
Let w = 564 + -16. List the prime factors of w.
2, 137
Let u = 13 - 11. Suppose 4*s - 4 = 4*x, 3*x = -u*s - x + 8. Suppose -s*m = -5*m + 42. What are the prime factors of m?
2, 7
Suppose -4*a = -8*z + 5*z - 5706, -1435 = -a + 5*z. What are the prime factors of a?
3, 5, 19
Let c be (-91)/(-42) + 1/(-6). Suppose -195 - 439 = -c*u + 2*i, 2*u - 5*i = 631. List the prime factors of u.
2, 3, 53
Suppose 2*r + 2*y = -206, -2*r = 3*y - 8*y + 171. Let v = 210 + r. List the prime factors of v.
2, 7
Let a(f) = f**2 + 8*f + 15. Let v be a(-6). Let x be (v - 5) + 77 + -2. What are the prime factors of (6/(-6))/((-1)/x)?
73
Let c(q) = q**3 - q**2 + 2*q + 4. Let p be 0/(-1*(5 + -2)). Let b be c(p). What are the prime factors of (-8)/(0 - b) + 2?
2
Let o = 1528 - 921. List the prime factors of o.
607
Suppose -4*d + o - 191 = 2*o, -3*o = -3. Let a = d + 169. What are the prime factors of a?
11
Suppose 2*z + o = -81, 2*z = 3*z - 4*o + 54. Let y = 7 - z. Let r = -26 + y. What are the prime factors of r?
23
Let i(u) = -u**3 - u**2 - 3*u - 38. Let a(x) = 5*x**3 + 5*x**2 + 13*x + 153. Let z(j) = -2*a(j) - 9*i(j). Let y = -1 + 1. What are the prime factors of z(y)?
2, 3
Let g(t) = 30 - 23 + 47 + t**2. Let a be g(0). Suppose -2*k + a = 4*r + 12, 2*k - r = 52. What are the prime factors of k?
5
Let r(l) = l**3 + 9*l**2 - 3*l + 11. Let a(h) = -6*h - 30. Let y(p) = 6*p + 31. Let n(i) = -4*a(i) - 3*y(i). Let j be n(-6). What are the prime factors of r(j)?
2, 19
Suppose -5*f = -2*z + 3*z - 30, 3*z + 5*f = 40. Suppose 0 = -4*w - g + 89, 5*w - 115 = -0*g - z*g. What are the prime factors of w?
2, 11
List the prime factors of ((-105)/14 + 6)/(3/(-1238)).
619
Let w be 12 + (-4 - -2 - -2). Suppose 7*h = w*h - 275. List the prime factors of h.
5, 11
Let m be 1/1 - -162 - (-87)/29. Suppose 62 = -y + m. What are the prime factors of y?
2, 13
Let u(s) = -5*s + 31. List the prime factors of u(-6).
61
Suppose 7*v + 148 = 4*v - h, -4*v = -3*h + 180. Let u = v + 84. List the prime factors of u.
2, 3
List the prime factors of (-12)/(-9) + (-15480)/(-54).
2, 3
Let l(u) = -u**2 - 5*u + 10. Let z be l(-7). What are the prime factors of (z + 1 - -14)*7?
7, 11
What are the prime factors of 1*(-230)/4*-4?
2, 5, 23
Suppose 9*m = 14*m - 25, 0 = -2*f + m + 4931. List the prime factors of f.
2, 617
Let y = 30 - 64. Let v = -88 + 76. Let z = v - y. What are the prime factors of z?
2, 11
Suppose 28*m - 24*m = 5928. What are the prime factors of m?
2, 3, 13, 19
Let z(v) = -66*v**3 - 11*v**2 + v + 3. List the prime factors of z(-2).
5, 97
Let n(y) = -y**3 + y**2 + 1. Let h(x) = 3*x**3 + 2*x**2 + 2*x + 4. Let k(f) = -h(f) - n(f). List the prime factors of k(-3).
2, 7
Let a(i) = i**3 - 26*i**2 + 32*i + 26. What are the prime factors of a(25)?
3, 67
Suppose 9 = -t + 4*n, 0 = -3*t + 5*t + 3*n - 15. Suppose t*y = c + 10, -26 = 2*c - 4*y + y. Let i(x) = -x**2 - 15*x + 22. List the prime factors of i(c).
2, 3
List the prime factors of 37288/28 + 1/(7/2).
2, 3, 37
Let j be 2 + 2 - (23 - 24). Suppose 4*l - 586 = 2*o, -227 = -l + 3*o - 68. Suppose -l + 369 = j*d. What are the prime factors of d?
3, 5
Let v(g) = 3 + 4*g - 2*g + g**3 + 0*g**2 - 6*g**2 - 10*g. Let p be v(7). What are the prime factors of ((-21)/2)/(2/p)?
3, 7
Let c(k) = -k**2 - 2*k - 2. Let r be c(-2). Let d be r/((8/(-10))/(-2)). Let n(s) = s**3 + 5*s**2 - 3*s. What are the prime factors of n(d)?
3, 5
Let b = -255 + 263. Suppose -2*h + 3*h - 7 = 0. Suppose s - h = b. What are the prime factors of s?
3, 5
What are the prime factors of ((-7584)/(-120))/((-2)/(-85))?
2, 17, 79
Let q(d) = -d**3 + 8*d**2 + 8*d + 3. Suppose 0 = -7*s - 36 + 92. List the prime factors of q(s).
67
Let q be (-3)/3 + (-51 - (0 - -3)). Let g = 25 - q. What are the prime factors of g?
2, 5
Let s(w) = -122*w + 17. What are the prime factors of s(-5)?
3, 11, 19
Suppose 2*y - 318 = -2*v + 420, -4*v + 16 = 0. Let o = y - -12. Suppose -4*c + 3*j = c - o, 3*c - 5*j - 223 = 0. What are the prime factors of c?
2, 19
Let f(l) = -3*l - 18. Let h be f(-15). What are the prime factors of 3118/18 + (-2 - (-48)/h)?
173
Let q = 7 - 5. Suppose -2*h - q*h + 12 = 0. List the prime factors of h*(-8)/12 - -13.
11
Suppose 4 = 4*o - 0*o. List the prime factors of o - (152/(-1) - -3).
2, 3, 5
What are the prime factors of 2 + 0 - (36 - 1267)?
3, 137
Suppose 154580 - 18464 = 57*o. What are the prime fact